?
3, 5, 67, 288697
List the prime factors of 668803965.
3, 5, 179, 249089
List the prime factors of 2373373909.
61, 5591, 6959
What are the prime factors of 4513188?
2, 3, 376099
List the prime factors of 213578378.
2, 13, 17, 483209
List the prime factors of 704925868.
2, 173, 1018679
What are the prime factors of 144580975?
5, 7, 11, 19, 59, 67
What are the prime factors of 21539426?
2, 19, 29833
List the prime factors of 167551401.
3, 55850467
List the prime factors of 3686904919.
3686904919
What are the prime factors of 837626619?
3, 279208873
What are the prime factors of 7692319?
181, 42499
What are the prime factors of 586127820?
2, 3, 5, 9768797
What are the prime factors of 1031076045?
3, 5, 53, 432317
List the prime factors of 117353742.
2, 3, 11, 719, 2473
What are the prime factors of 30134435?
5, 6026887
What are the prime factors of 3689352055?
5, 43, 71, 241687
List the prime factors of 734533108.
2, 47, 3907091
What are the prime factors of 196580447?
7, 191, 147031
What are the prime factors of 2634886?
2, 1317443
List the prime factors of 48891730.
2, 5, 4889173
What are the prime factors of 103483045?
5, 277, 74717
What are the prime factors of 2291703751?
17, 601, 224303
List the prime factors of 1161279284.
2, 11, 461, 57251
List the prime factors of 988632359.
11, 13, 29, 238397
What are the prime factors of 61961038?
2, 151, 199, 1031
What are the prime factors of 73793474?
2, 83, 444539
List the prime factors of 436046366.
2, 7, 31146169
What are the prime factors of 2178898881?
3, 43, 223, 75743
List the prime factors of 80990257.
6317, 12821
List the prime factors of 5195412.
2, 3, 277, 521
List the prime factors of 1727130735.
3, 5, 11, 71, 16381
What are the prime factors of 522191600?
2, 5, 7, 283, 659
List the prime factors of 22075392.
2, 3, 3593
What are the prime factors of 336036252?
2, 3, 28003021
List the prime factors of 257994453.
3, 43, 1999957
List the prime factors of 385894164.
2, 3, 37, 869131
List the prime factors of 3211378630.
2, 5, 321137863
List the prime factors of 1091992617.
3, 40444171
List the prime factors of 322740398.
2, 161370199
What are the prime factors of 419429992?
2, 52428749
What are the prime factors of 40430943?
3, 7, 641761
List the prime factors of 192088052.
2, 13, 43, 271, 317
List the prime factors of 55318073.
4799, 11527
What are the prime factors of 5853222101?
79, 127, 583397
What are the prime factors of 3117692046?
2, 3, 7, 179, 414697
What are the prime factors of 4029630762?
2, 3, 2579, 260413
What are the prime factors of 1497488452?
2, 17, 22021889
What are the prime factors of 31048280?
2, 5, 19, 40853
List the prime factors of 780477591.
3, 1549, 167953
List the prime factors of 732796857.
3, 13, 197, 31793
List the prime factors of 5625676.
2, 7, 331, 607
List the prime factors of 186236932.
2, 7, 6651319
What are the prime factors of 796361043?
3, 167, 433, 3671
What are the prime factors of 48339573?
3, 16113191
List the prime factors of 18236529.
3, 17, 67, 593
What are the prime factors of 56779964?
2, 227, 62533
What are the prime factors of 2144770213?
313, 6852301
List the prime factors of 1562122691.
47, 33236653
List the prime factors of 52992972.
2, 3, 937, 1571
What are the prime factors of 5959477?
103, 57859
List the prime factors of 396793666.
2, 198396833
What are the prime factors of 35401973?
17, 2082469
List the prime factors of 66852177.
3, 7, 17, 271, 691
What are the prime factors of 469029482?
2, 234514741
List the prime factors of 100800560.
2, 5, 7, 180001
List the prime factors of 1104019308.
2, 3, 7, 486781
What are the prime factors of 82075080?
2, 3, 5, 179, 3821
List the prime factors of 404571104.
2, 7, 19, 23, 4133
What are the prime factors of 532723139?
13, 223, 183761
What are the prime factors of 4879294551?
3, 180714613
List the prime factors of 1646476746.
2, 3, 274412791
List the prime factors of 1976483395.
5, 73, 139, 163, 239
List the prime factors of 513200503.
61, 67, 199, 631
What are the prime factors of 35863698?
2, 3, 13, 459791
List the prime factors of 1028554211.
1028554211
What are the prime factors of 1582042864?
2, 98877679
What are the prime factors of 67990155?
3, 5, 4532677
List the prime factors of 199298989.
1657, 120277
What are the prime factors of 4289444016?
2, 3, 11, 13, 43, 14533
List the prime factors of 106011441.
3, 11779049
List the prime factors of 266164702.
2, 41, 97, 109, 307
List the prime factors of 43687644.
2, 3, 7, 11, 13, 3637
What are the prime factors of 124101982?
2, 3943, 15737
List the prime factors of 468005747.
11, 42545977
What are the prime factors of 72560565?
3, 5, 7, 11, 43, 487
What are the prime factors of 68863989?
3, 31, 740473
What are the prime factors of 2741685580?
2, 5, 41, 263, 12713
What are the prime factors of 243441256?
2, 547, 55631
What are the prime factors of 23386004?
2, 5846501
List the prime factors of 148995059.
521, 285979
List the prime factors of 870834394.
2, 3373, 129089
What are the prime factors of 4574527067?
11, 61, 6817477
What are the prime factors of 2176795413?
3, 13, 17, 1094417
What are the prime factors of 81651402?
2, 3, 7, 24001
What are the prime factors of 2668776974?
2, 19, 1051, 3517
What are the prime factors of 1885468516?
2, 23, 20494223
List the prime factors of 18840236.
2, 79, 59621
List the prime factors of 427809181.
47, 9102323
List the prime factors of 77045853.
3, 17, 1510703
What are the prime factors of 830104958?
2, 61, 89, 859
List the prime factors of 615432346.
2, 307716173
What are the prime factors of 53738701?
53738701
What are the prime factors of 439060471?
31, 73, 194017
What are the prime factors of 4643220690?
2, 3, 5, 397, 129953
What are the prime factors of 2401717839?
3, 31, 211, 122393
What are the prime factors of 134887194?
2, 3, 13, 19, 3371
What are the prime factors of 93521059?
19, 23, 214007
What are the prime factors of 892459?
31, 28789
What are the prime factors of 1233828952?
2, 79, 1952261
What are the prime factors of 2081145391?
13, 139, 1151713
What are the prime factors of 3362886527?
7, 11, 13, 3359527
List the prime factors of 181823876.
2, 13, 3496613
List the prime factors of 799698887.
13, 17, 3618547
What are the prime factors of 12074265?
3, 5, 7, 4259
List the prime factors of 2779337215.
5, 67, 127, 65327
What are the prime factors of 164982735?
3, 5, 61, 60103
What are the prime factors of 30685904?
2, 347, 5527
List the prime factors of 309933463.
7, 47, 167, 5641
List the prime factors of 1110780310.
2, 5, 111078031
What are the prime factors of 1203866134?
2, 23789, 25303
List the prime factors of 132385267.
7, 18912181
What are the prime factors of 135609072?
2, 3, 67, 149, 283
What are the prime factors of 555410107?
7, 89, 891509
List the prime factors of 427740879.
3, 142580293
What are the prime factors of 744796046?
2, 131, 2842733
What are the prime factors of 81555273?
3, 17, 41, 13001
What are the prime factors of 513071489?
7, 37, 71, 27901
List the prime factors of 8259566146.
2, 13, 89, 3569389
List the prime factors of 294203291.
43, 271, 25247
List the prime factors of 137591945.
5, 27518389
What are the prime factors of 313903472?
2, 19618967
What are the prime factors of 51624673?
23, 449, 4999
What are the prime factors of 54642255?
3, 5, 3642817
List the prime factors of 813892012.
2, 61, 3335623
What are the prime factors of 181360481?
181360481
List the prime factors of 18529321.
18529321
What are the prime factors of 5466174523?
30517, 179119
List the prime factors of 278884029.
3, 31, 2998753
List the prime factors of 22135020.
2, 3, 5, 17, 21701
List the prime factors of 40275186.
2, 3, 7, 958933
What are the prime factors of 35903955?
3, 5, 73, 32789
What are the prime factors of 126305765?
5, 23, 1098311
What are the prime factors of 22083143?
22083143
List the prime factors of 22950415.
5, 1297, 3539
What are the prime factors of 3167120623?
23741, 133403
List the prime factors of 82036254.
2, 3, 17, 173, 4649
What are the prime factors of 1001183200?
2, 5, 877, 1427
What are the prime factors of 1966917055?
5, 1399, 281189
List the prime factors of 728408740.
2, 5, 36420437
List the prime factors of 1099663584.
2, 3, 11454829
List the prim